 c(-5). Suppose -z = -d*z. Suppose -5*j + z*j + 240 = 0. What is the greatest common divisor of j and 6?
6
Let o(n) = 2*n + n + 4*n**2 + n + 6. Let z be o(5). Calculate the greatest common divisor of 21 and z.
21
Let a(t) = 3*t**2 + 3*t + 2. Let q be a(-3). What is the greatest common factor of q and 4?
4
Let z be (-6)/(-4)*(-10)/(-3). Suppose 0 = w - z + 2. Calculate the highest common factor of 3 and w.
3
Let j be (-1770)/(-55) + 2/(-11). Calculate the greatest common divisor of j and 80.
16
Let h be 2/10 - (-28)/10. Let q(x) = -9*x - 3. Suppose -2*y + y - 4*z + 9 = 0, -3*z = -4*y - 21. Let b be q(y). What is the highest common factor of b and h?
3
Let z be 1 - (-2 + -1) - -24. Calculate the highest common divisor of 70 and z.
14
Suppose 0*i = -i + 292. Suppose -5*z + 187 = 4*h - i, h = -5*z + 491. Let c be (-7 - 2)/(1/(-1)). What is the greatest common factor of z and c?
9
Let m be ((-240)/12)/((-2)/3). What is the greatest common divisor of 45 and m?
15
Let u be (-10)/(-5)*(-5)/(-2). Let r(p) = p - 1. Let w(h) = -4*h + 6. Let q(n) = u*r(n) + w(n). Let c be q(4). What is the greatest common factor of 40 and c?
5
Suppose 0 = -4*r + 5*k + 113, -2*r + 52 = k - 1. Calculate the highest common divisor of 81 and r.
27
Let w(p) = p. Let y be w(9). Let z(s) = 2*s**3 - 8*s**2 + 2*s + 3. Let l be z(5). Calculate the highest common divisor of l and y.
9
Suppose 6*a = a + 20. Suppose -3*v = a*k - 2, -v + 5*k = 3*k - 14. Suppose 3*i - 5*l = 11, -2*l + 2 = 5*i - v. Calculate the greatest common factor of 4 and i.
2
Suppose -310 = -5*q + o + 2*o, -5*q + 335 = 2*o. Suppose 4*m - 4*h = 68, 2*m - 5*h = 3*m + 7. What is the highest common factor of q and m?
13
Let w be (1 - 0)/(-3*1/(-57)). Let l = 79 - -92. What is the greatest common factor of l and w?
19
Let l be (-68)/(-6) - (-2)/(-6). What is the highest common divisor of l and 88?
11
Suppose 2 - 3 = -k. Suppose 2 = -2*a - 4*f, -2*a + f = -f + 8. Let i be (-2 - a) + k + 97. Calculate the highest common divisor of i and 11.
11
Let n be (-5)/((-3)/(3/1)). Suppose a + 19 = -3*p + 5*p, 4*a + 52 = n*p. Calculate the greatest common factor of p and 40.
8
Suppose 0 = -2*l + l - 10. Let i be (-84)/l - 4/10. Let q be (-2 + 1)*-1*8. What is the greatest common factor of q and i?
8
Suppose a = 14*a - 130. What is the highest common factor of 10 and a?
10
Suppose 28*q - 352 = 24*q. Calculate the highest common factor of q and 8.
8
Suppose 464 - 14 = 5*n. Suppose 4*m + 2*a - 82 = 0, -3*a - 75 = -m - 72. What is the greatest common divisor of m and n?
18
Suppose -2*k = -3*k. Let g be -3 + k + 15/1. What is the greatest common factor of g and 8?
4
Let f(b) = b**3 + 7*b**2 + 3*b - 5. Let d be f(-5). Let p = -18 + d. Calculate the greatest common divisor of 96 and p.
12
Suppose -b - 2*x + 121 = 0, 5*x + 363 = 2*b + b. What is the greatest common factor of 11 and b?
11
Let t be 1*2/6*0. Suppose t*z + 48 = 3*z. What is the highest common factor of z and 24?
8
Let c(x) = -x + 3. Let a be c(-4). Let s be (-5 + a)*(0 + 72). Calculate the highest common factor of s and 16.
16
Suppose 0 = -5*w + 5*b + 435, -b + 462 = 5*w + 3*b. Let v be (3 + 0)*(-33)/9. Let z be 12 + 1 - (-33)/v. Calculate the highest common divisor of z and w.
10
Let w(q) = 7*q - 12. Let h be w(10). Suppose 3*d - 17 = -2*a + 82, -2*d - 4*a + h = 0. Calculate the highest common divisor of 5 and d.
5
Let r = 147 + -2. Calculate the greatest common divisor of 58 and r.
29
Suppose 0 = -6*q + 24*q - 108. Calculate the highest common factor of q and 6.
6
Let c = 0 + 4. Suppose -104 = -d + 5*z, 0 = c*z - z + 3. Calculate the highest common factor of 11 and d.
11
Let m = -47 - -28. Let n = m + 34. Calculate the highest common divisor of n and 105.
15
Let c be ((-18)/(-6) - 18)*98/(-6). Calculate the highest common divisor of 35 and c.
35
Let z = 26 - -64. Let x be (-72)/((-4)/8*4). Calculate the highest common factor of x and z.
18
Let z(k) = -k**2 - 6*k + 4. Let a be z(-4). Let b(q) = -2*q**2 + 16*q - 6. Let l be b(7). What is the highest common divisor of a and l?
4
Suppose -a + 1 = -0. Let h be ((-54)/2)/(-3) - 0. Let d be (-3)/h*0 + a. What is the highest common divisor of d and 9?
1
Suppose 2*j - 22 = -5*m, -7*j + 5*m + 74 = -3*j. Calculate the greatest common divisor of j and 144.
16
Suppose -370 + 73 = -3*w. Calculate the highest common factor of 11 and w.
11
Suppose -o = -2*d - 9, -o + 0*o = 4*d - 3. Let x(p) = p**2 + 3. Let l be x(0). Let z = l + o. Calculate the highest common factor of 60 and z.
10
Suppose 0*c = -5*g - c + 59, 0 = -2*g + 5*c + 29. Suppose 0 = 5*o + 4*u - 320, 4 + 1 = u. Calculate the highest common factor of g and o.
12
Let f(g) = 2*g**2 - 28*g - 15. Let n be f(15). What is the highest common divisor of 165 and n?
15
Let v be -2*3*(-2)/12. Let l be 0*(2 - (4 - 1)). Let g be 4 + -3 + l + v. What is the greatest common factor of 1 and g?
1
Suppose 5*x + 5*o = 70, -4*o + 43 = x + 2*x. Calculate the greatest common divisor of x and 26.
13
Let a(g) = -4*g + 1. Let y(x) = 2*x. Let h(o) = 4*a(o) + 10*y(o). Let n be h(4). What is the highest common divisor of 80 and n?
20
Let d be (-42)/(-4)*(-16)/12. Let b = -13 - d. What is the greatest common divisor of 1 and b?
1
Let v = -17 - -157. Suppose -168 = l - 4*l. Calculate the greatest common divisor of l and v.
28
Suppose -64 = -y - 2*a + 119, -y + 5*a = -204. What is the highest common divisor of y and 21?
21
Let i(o) = o**2 - 2. Let f be i(-3). Suppose 3*j - 31 = 11. Calculate the highest common divisor of j and f.
7
Suppose -3*l + x + 31 = 0, 8 = 2*x + 2*x. Let h be ((-6)/2)/3 - -17. Let b = h + -5. What is the greatest common factor of l and b?
11
Let h(t) = -t**3 - 6*t**2 - 2*t. Let o be h(-6). Let w = 14 + -12. Calculate the highest common divisor of o and w.
2
Suppose 5*j - 5*k + 4 = 24, -5*j = -k - 12. Suppose -3*v + 33 + 13 = -j*y, -3*y = -v + 13. Calculate the greatest common divisor of 112 and v.
16
Suppose -2*y - 6 + 30 = 0. Suppose 3*b - y = 0, 0*b = -3*p - 2*b + 50. Suppose -l = 2*l - 210. What is the greatest common divisor of p and l?
14
Let k be 14 + -4 - (3 - 3). Calculate the highest common divisor of 20 and k.
10
Suppose -159 = -3*p + 3*b + b, -3*b = 2*p - 123. Suppose 2*v = -2*v + 152. Calculate the greatest common divisor of p and v.
19
Suppose -2 = -4*g - 2*o + 12, -3 = -3*g + o. Suppose n - g = 7. What is the highest common divisor of 18 and n?
9
Let x(y) = 3*y**2 + 2*y + 4. Let m be x(-3). Suppose 5*d - m = -3*o - 0*o, 5 = d - 5*o. Calculate the greatest common divisor of 10 and d.
5
Let l = 69 - 50. What is the highest common divisor of 19 and l?
19
Let m(s) = -9*s + 27. Let d be m(-5). Let r(w) = 2*w**2 - w + 2. Let z be r(2). Calculate the highest common factor of z and d.
8
Suppose 10*c = 21*c - 792. Calculate the greatest common divisor of c and 16.
8
Suppose -5*l = -0*l + 4*o - 199, l + 2*o = 35. Let c = l + 13. Let w be 14*3*3/9. What is the greatest common divisor of w and c?
14
Suppose 18 = 3*l + p, -p = -2*l - 0*l + 7. Let t(u) = -u - 5. Let j be t(-3). Let i be 14 - 1 - j*1. What is the greatest common factor of l and i?
5
Suppose 21 = -5*f + 81. Let k = 6 + f. Calculate the greatest common factor of 27 and k.
9
Suppose -q + 4 = -0. Suppose x - q*x = 0. Let l be (x + -2)/(5/(-275)). Calculate the greatest common factor of 10 and l.
10
Let l = 11 + -8. Let j(w) = -24*w + 16. Let c(p) = -5*p + 3. Let n(u) = -22*c(u) + 4*j(u). Let v be n(l). What is the highest common factor of v and 5?
5
Let b(p) be the first derivative of 8*p**3/3 + 2*p**2 - 4*p + 2. Let j be b(-4). What is the highest common factor of j and 12?
12
Let t(r) = 2*r**2 + 3*r - 9. Let b be t(-5). What is the greatest common factor of b and 65?
13
Let p be 31/11 - 26/(-143). Calculate the greatest common factor of 27 and p.
3
Let f be (-35)/(-3) + (-10)/(-30). What is the highest common divisor of 36 and f?
12
Let d be -2 + 1 + 154/7. Suppose -d = -m + 6. What is the greatest common factor of 9 and m?
9
Suppose -3*q + 3*k - 4*k = -41, -2*k = -4*q + 68. Let f = q - 6. What is the highest common divisor of f and 27?
9
Let r be (14/(-3))/((-2)/9). Let c be (-46)/(-8) - r/28. Suppose 0 = -z + c*f + 19 + 30, 4*z - 2*f = 178. What is the greatest common divisor of z and 4?
4
Let z(s) = 3*s + 5. Let o be z